t x = f + n. Is x a composite number?
True
Let j(x) = -26*x - 9. Let p be j(-1). Suppose p*w = 22*w - 5075. Is (0 + -1*2)*w/(-58) composite?
True
Let d = 10 - 6. Let c(f) = -1 + 0 - 5 + 1 + 0 + 4*f + 35*f**2. Is c(d) a composite number?
False
Suppose 2*c - 5*o - 9358 = 0, -9769 = -3*c + o + 4281. Let w = -3141 + c. Is w prime?
True
Let z(m) = 139831*m**2 + 41*m + 41. Is z(-1) a prime number?
True
Let l(r) = -r**3 + 34*r**2 + 37*r - 57. Let o be (1 - 30)*(60/10)/(-6). Is l(o) prime?
False
Let p = -3819 + 2532. Let b = -572 - p. Suppose 5*f - b = -0*f. Is f prime?
False
Let z(x) = -2*x**2 + 13*x + 97. Let t be z(21). Let a = t - -4881. Is a a prime number?
False
Suppose -22 = -3*j - 4*h, 5*j - 3*h - 16 = 11. Suppose 14 = -j*q + 13*q. Is 3/((-27)/(-19430)) - q/(-18) a composite number?
True
Let n(a) = 8*a**2 - 70*a**3 - 1 - 6 - 123*a**3 - 54*a**3 - 5*a**2 - 20*a. Is n(-7) composite?
True
Let o = -59379 - -102020. Is o composite?
False
Let p(i) = -i**2 + 3*i. Let x be p(3). Suppose 22 = 5*r + v, -v = r - x*v - 6. Is (590/r)/(6/12) a prime number?
False
Let o = 1 - 1. Suppose -158 = -17*m - 62*m. Suppose -m*v - t = -900, -2*v + o*v + 3*t = -908. Is v composite?
True
Suppose 12*d + 29 - 77 = 0. Suppose d*w - 11074 = -2*r, 5517 = 2*w - 2*r + 7*r. Is w a prime number?
False
Let i = 41 - -43. Suppose -5*n - i = n. Let q(r) = -r**3 - 15*r**2 - 16*r + 9. Is q(n) prime?
True
Let s(v) = -2*v - 13. Let i be s(-9). Suppose -4*q + 6*q = -2*x + 14, x + i = 0. Suppose 11*m + 1069 = q*m. Is m prime?
True
Suppose -2*h + 57555 = -11*h. Let m = -3018 - h. Is m prime?
False
Let a(c) = -c - 18. Let b be a(-14). Let p be ((-6)/b)/((-9)/(-12)). Suppose -2*w = 2*l - 232, p*w + 565 = 7*w + 2*l. Is w a prime number?
False
Let d be ((-11)/(-33))/((-1)/(-6282)). Let c = 3149 - d. Is c composite?
True
Let r = -1881 + 3754. Suppose -f + 5*o = 2*o - 646, 0 = -3*f - 4*o + r. Is f composite?
False
Let m(f) = 1534*f - 4704*f + 14573 - 14587. Is m(-2) a prime number?
False
Let o(u) = -u**2 + u - 2. Let f(m) = 546*m**2 - 2*m + 7. Let j(i) = f(i) + 2*o(i). Is j(-2) composite?
False
Let p(n) = n**2 - 9*n - 33. Let g be p(-3). Suppose -15377 = -g*k - 2*m - 3*m, 3*m = 4*k - 20522. Is k composite?
True
Suppose 3*z - 69459 - 23713 = -4*t, 0 = -3*t - z + 69889. Is t a prime number?
False
Suppose -581364 = -3*l - 3*q, -3*l - 5*q + 581360 = -4*q. Is l composite?
True
Let h = 8 - 1. Suppose 0 = -h*p + 2310 + 2338. Is p/32 - (-2)/8 prime?
False
Let n(g) = 91*g**2 - 3*g + 3. Let y be n(-4). Suppose -3*f = -4*p + 1152, 5*p + 3*f - y = -f. Is p prime?
False
Suppose -539431 = 9717*x - 9748*x. Is x a prime number?
True
Let o(r) = 82106*r**2 - 100*r + 229. Is o(3) prime?
False
Suppose -3*d + 2080248 = 4*d + 388691. Is d composite?
False
Suppose 27*d - 3124682 = -21*d - 135578. Is d a prime number?
True
Let p = -161 - -158. Is 0 + p + 1 + (-22914)/(-6) composite?
True
Let l(p) = 15*p**2 - 40*p - 26 + 14*p**2 + 5*p**2 - 25*p**2. Is l(21) prime?
False
Let f(v) = 633*v + 189*v + 5 + 142*v + 6*v - 48*v. Is f(3) a prime number?
False
Is (1800464/40 + -5)*25/3 composite?
True
Suppose 3672617 = 29*b - 14054126. Is b a prime number?
False
Suppose -159*v + 998189 + 17927104 = 0. Is v a composite number?
False
Let v(q) = -9670*q - 1621. Is v(-23) composite?
False
Suppose 4*f - 2 = -18, -4*n + 868 = 3*f. Suppose 0*t = -t + n. Is (1 + 2)*(-5)/(-5) + t a composite number?
False
Suppose 13*q = 81 - 16. Suppose q*c + 3190 = 3*s - s, -12 = 3*c. Suppose s = 40*f - 39*f. Is f a prime number?
False
Let d = -352 + 352. Let x(n) = 17*n + 9029. Is x(d) composite?
False
Let b be 3/5 + (-22)/(-5). Suppose b*o = -533 + 56098. Is o composite?
False
Let d = 469 + -1024. Let l = 862 + d. Is l prime?
True
Suppose -2*d + 29 + 205 = 0. Let m = d + -105. Suppose -m*g + 7*g + 5335 = 0. Is g composite?
True
Let o(s) be the second derivative of 733*s**4/3 - 2*s**3/3 - s**2/2 + s - 44. Is o(-1) prime?
False
Suppose -4*f + 3*b - 18340 = 2188, 20528 = -4*f + b. Let i = f + 12849. Is i a prime number?
True
Let n(a) = -21*a**3 - a**2 - 8*a - 17. Let i be n(-7). Suppose i = 3*h - 2866. Is h prime?
False
Let b = 50048 - 34231. Is b prime?
True
Suppose 0 = -2*m + 2*v + 3472866, -14*m = -10*m - 2*v - 6945736. Is m a composite number?
True
Suppose 5*n = -4*g + 1554, 4*g + n - 536 = 1026. Is g composite?
True
Is 12/(-90) + 14835188/(-12)*(-2)/10 a prime number?
False
Let z(h) = 794*h + 57. Let d be z(-5). Let q = d - -6246. Is q a prime number?
True
Let s = 274 + -269. Suppose -5*t + 3*t + 4471 = d, t - s*d - 2219 = 0. Is t composite?
True
Let w(j) be the first derivative of 85*j**2 - 3*j + 7. Let i(f) = -3740*f + 65. Let m(n) = -2*i(n) - 45*w(n). Is m(-4) prime?
False
Suppose 925 = -13*i - 1129. Let d = i - -268. Suppose 0 = -2*r - 2*w + 704, -w + d = 2*r - 589. Is r a composite number?
False
Let v = -13623 - -7021. Is (-4 + 3)*(3 + v) composite?
False
Let g be (-505)/2*(-26)/(-13). Let k = g + 312. Let v = k - -1104. Is v a prime number?
True
Suppose 0 = -4*f + 5*b + 4893168, -b + 170 - 174 = 0. Is f prime?
False
Let o(m) be the third derivative of 7*m**6/12 + m**5/30 + m**4/6 - m**3 - 17*m**2. Let x be o(3). Suppose v + 954 = 3*b, 4*v - x + 341 = -5*b. Is b prime?
True
Let j(o) be the second derivative of o**5/20 + 11*o**4/12 - 5*o**3/6 - o**2 + 6*o. Suppose 5*f = 3*f - 22. Is j(f) a prime number?
True
Is (-350)/140*4/5 + (-1433937)/(-3) composite?
False
Suppose 218*r = 214*r - 152. Let u(k) = -k**3 - 39*k**2 - 75*k - 7. Is u(r) composite?
False
Suppose -3*f - 2*v = -3251107, 91*v - 92*v = -3*f + 3251110. Is f a composite number?
True
Suppose d - 22 = 5*z, z + 2*z = 4*d - 20. Let j be 36/3*(8/(-3) + d). Is (-3)/(-24) + (45955/j)/(-5) a prime number?
False
Suppose -33 = 16*c - 18*c - 5*p, -4*c + 33 = -p. Is ((6/1)/(-2))/(c/(-2757)) prime?
True
Suppose 97*h - 13345 = 92*h. Let q = -1558 + h. Is q a prime number?
False
Is 12/(-10)*(1 + 4)*178521/(-42) a composite number?
True
Suppose 0 = -55*k + 1833901 + 1427104. Is k prime?
False
Let t = -3211 + 5784. Let y = t - -2520. Is y a prime number?
False
Suppose 0 = 4*k - 5*z - 950337, 0 = -2*k - 0*z - 4*z + 475214. Is k prime?
False
Suppose 124384 = -2*c + 18*c. Suppose 5*h + c = 45549. Is h a composite number?
True
Suppose 4*w - 3*k = -5*k + 216682, 4*k - 12 = 0. Is w composite?
True
Suppose k - u = -2*u + 25, 4*k - 96 = -3*u. Let a be (-19245)/(-315) + (-2)/k. Let t = a + -27. Is t a prime number?
False
Let c be -2*1*-1*(11 - 6). Suppose c*r = 13*r - 15, -2*w + 5*r = -4789. Is w a composite number?
True
Let a be 6200/(-3) - 4/12. Let b(v) = 583*v + 82. Let q be b(6). Let g = q + a. Is g composite?
True
Let u be (-40)/140 - 44/(-7). Suppose -u*i + 3*i = -129. Suppose 46*x - i*x = 3651. Is x a composite number?
False
Let r be 1 + 0 - -1654 - -2. Suppose r = 7*s + 348. Is s prime?
False
Let z = 14 - 10. Let v be 1266/6 - (z - 0). Let o = v + 44. Is o composite?
False
Suppose 0 = -131*l + 1581453 - 1092672 + 3108610. Is l prime?
False
Let j = -389 - -394. Is (340/8)/17*12962/j composite?
False
Let i = -13346 + 26013. Is i prime?
False
Let j(a) = 30*a**2 + 13*a + 46. Let o be j(-9). Is 1 + -11 + 8 + o a composite number?
False
Let a be (-15250)/7 + (-87)/203. Is 10/(-2)*a/5 a prime number?
True
Let t(o) = -32*o**2 + 9*o. Let s be t(2). Let r = 255 + s. Is r composite?
True
Suppose 5*b - 20 = -0*b. Suppose b*k - 9 - 19 = 0. Suppose k*q - 613 = 430. Is q a prime number?
True
Suppose 15 + 27 = 21*b. Suppose 2*q + 3*x - 506 = b*x, 3*q - 759 = -3*x. Is q a prime number?
False
Let j(b) = -1234*b - 18. Is j(-4) a prime number?
False
Is (237086/(-4))/(67/(-134)) a prime number?
True
Suppose -u + i = -3, 3 + 6 = -2*u - 3*i. Suppose 2*n + 20834 = 2*s - 9990, -2*s + n + 30821 = u. Is s composite?
True
Let u(j) = -41*j - 120. Let t be u(-3). Suppose -t*o - p - 443 = -5*o, 5*o = -p + 1118. Is o prime?
True
Suppose q + 4*q = 27425. Let k be ((-10)/7)/(-2 - (-24)/14). Suppose k*h - j - q = 0, 3*h + 5*j - 5452 = -2161. Is h prime?
True
Suppose -c - s = -220126, 5*c - 1467942 = s - 367330. Is c composite?
False
Let a = 15 - 15. Suppose 0 = -a*w + w - 239. Suppose -2*q + w = -q. Is q prime?
True
Suppose 80 = -4*b + 300. Let z = -54 + b. Is 3 + (-4810)/(-5) - (z - 3) composite?
False
Suppose -3*p = 36 + 84. Is 4666/